ime number?
False
Is 20801605667 composite?
False
Is 23618498459 a prime number?
True
Is 13895013727 a composite number?
True
Is 4489479001 a prime number?
False
Is 1496247383 a composite number?
False
Is 26444791 prime?
True
Is 10371197621 composite?
False
Is 14630221003 composite?
True
Is 5499347233 prime?
False
Is 1489952902 prime?
False
Is 3119162561 a prime number?
True
Is 373172243 prime?
False
Is 4203995023 a composite number?
False
Is 3922718869 a prime number?
True
Is 46474290251 composite?
False
Is 2970649651 prime?
False
Is 9768192883 prime?
False
Is 341392091 a composite number?
False
Is 2468076293 a composite number?
False
Is 3528169091 composite?
True
Is 1036359851 composite?
False
Is 491093479 composite?
False
Is 23798787751 a prime number?
True
Is 14463853013 a composite number?
True
Is 237526567 a prime number?
False
Is 15410310137 a composite number?
False
Is 2127307709 a composite number?
False
Is 31712176211 prime?
False
Is 39935186813 a prime number?
True
Is 4662385139 composite?
False
Is 12700523078 composite?
True
Is 134696553 a composite number?
True
Is 14819686751 composite?
True
Is 100199585945 a composite number?
True
Is 41834829233 a prime number?
True
Is 656415869 composite?
True
Is 2354499421 a prime number?
False
Is 829737083 prime?
False
Is 26445644539 a prime number?
True
Is 41642693969 prime?
True
Is 75122814703 a composite number?
False
Is 119775218743 prime?
True
Is 4981000687 prime?
False
Is 11272694801 a prime number?
True
Is 37760374487 a composite number?
True
Is 1156582803 a prime number?
False
Is 13522315123 a composite number?
False
Is 54246766823 composite?
False
Is 40046093963 prime?
False
Is 257738582 prime?
False
Is 218172551 prime?
False
Is 5795931199 a prime number?
True
Is 3687667643 prime?
False
Is 8084522983 prime?
True
Is 697805873 a prime number?
True
Is 3532881721 prime?
True
Is 2212613201 a prime number?
False
Is 7422672233 prime?
True
Is 631172726 prime?
False
Is 1119078833 prime?
True
Is 12626145863 a composite number?
True
Is 50678543339 composite?
False
Is 7989755881 a prime number?
True
Is 2111398357 composite?
True
Is 253363973 a prime number?
True
Is 680771809 a prime number?
False
Is 18318673061 composite?
True
Is 203873687 a prime number?
True
Is 5601976382 a prime number?
False
Is 362455028809 composite?
False
Is 3664065211 composite?
False
Is 91906349 a prime number?
True
Is 21774647683 composite?
False
Is 4482767 a prime number?
True
Is 867164479 a composite number?
False
Is 66269762698 prime?
False
Is 1035181811 a prime number?
True
Is 2757321391 composite?
True
Is 378088519 composite?
False
Is 1474513169 a prime number?
False
Is 10355243077 prime?
True
Is 25500199253 a composite number?
True
Is 33662446379 a prime number?
True
Is 19546183639 prime?
True
Is 4255495091 a prime number?
True
Is 254055587 composite?
False
Is 46716948539 a composite number?
False
Is 43754553229 a prime number?
False
Is 7335549619 prime?
True
Is 169977115787 a composite number?
False
Is 4989713209 a prime number?
False
Is 1925173753 a prime number?
True
Is 1546069367 composite?
True
Is 13045586381 a prime number?
True
Is 2579171389 prime?
False
Is 127290329557 a composite number?
False
Is 940528711 composite?
True
Is 1023575957 prime?
False
Is 9908653367 a composite number?
False
Is 132850919 a prime number?
True
Is 33324064247 prime?
True
Is 353004693 prime?
False
Is 64988585197 a composite number?
False
Is 366113087 a composite number?
True
Is 1231573267 prime?
False
Is 9318654623 a prime number?
True
Is 1546598827 composite?
True
Is 2372438011 composite?
True
Is 4509023529 a prime number?
False
Is 21004043 prime?
True
Is 1213873667 a composite number?
False
Is 25150131917 composite?
True
Is 100251937 composite?
True
Is 14739779 a prime number?
True
Is 2781044753 prime?
False
Is 137753188187 prime?
True
Is 242037359 a prime number?
False
Is 38102189 a composite number?
False
Is 38222847517 a composite number?
True
Is 82580630591 composite?
True
Is 5365946059 prime?
True
Is 32761269209 prime?
True
Is 20837522731 a composite number?
False
Is 114822413 a composite number?
False
Is 1742597167 composite?
True
Is 85305751637 prime?
True
Is 17378816383 a prime number?
True
Is 4156743017 prime?
False
Is 11196457 prime?
True
Is 2792749157 prime?
False
Is 2562602563 prime?
True
Is 840027127 a composite number?
False
Is 933271243 a composite number?
True
Is 75843077 composite?
False
Is 189307663535 composite?
True
Is 5339812679 a composite number?
True
Is 2709233939 prime?
False
Is 608975079 a prime number?
False
Is 25529999 prime?
False
Is 15936521 composite?
False
Is 340300379 a prime number?
True
Is 3703197517 composite?
False
Is 1593458623 composite?
False
Is 38063066961 composite?
True
Is 2873277149 a composite number?
False
Is 260668520983 prime?
False
Is 202408147 a composite number?
False
Is 22478996399 a composite number?
False
Is 769729559 prime?
True
Is 2144989451 prime?
False
Is 41724851041 a prime number?
True
Is 59012117 prime?
False
Is 22929969913 prime?
False
Is 416244487 composite?
True
Is 2388420917 a prime number?
True
Is 3047012279 prime?
False
Is 4673598103 composite?
True
Is 69711756311 a prime number?
True
Is 4334580749 prime?
True
Is 2733029914 a prime number?
False
Is 17553060131 a composite number?
True
Is 3638704291 prime?
False
Is 1721087021 prime?
False
Is 25839950261 a composite number?
False
Is 16340901047 a prime number?
False
Is 2782113797 a prime number?
True
Is 172076726 a composite number?
True
Is 1463709319 a prime number?
False
Is 2324775811 prime?
True
Is 11080572457 a prime number?
False
Is 1379262977 a composite number?
True
Is 829628629 a prime number?
True
Is 271635262033 a prime number?
True
Is 220704949 composite?
False
Is 818923933 prime?
True
Is 417216546101 prime?
True
Is 96524321 a composite number?
False
Is 157082069 composite?
False
Is 11292816451 a prime number?
False
Is 163241161723 a composite number?
False
Is 2931686179 prime?
True
Is 15885168773 composite?
False
Is 1405643087 a prime number?
True
Is 37288943413 a composite number?
True
Is 33516195661 composite?
True
Is 3963869711 a composite number?
False
Is 993490739 a composite number?
False
Is 138839165 a composite number?
True
Is 31352406919 a composite number?
True
Is 400170517 a composite number?
False
Is 155465567 a prime number?
True
Is 196590403 prime?
False
Is 58118935642 prime?
False
Is 445968239 a composite number?
False
Is 2078963735 a composite number?
True
Is 404195387 composite?
False
Is 675083561 a prime number?
True
Is 5040547403 a prime number?
False
Is 3600801947 a prime number?
False
Is 22488688039 a prime number?
True
Is 4023525427 composite?
True
Is 682089731 a prime number?
True
Is 830317601 composite?
False
Is 9139465247 prime?
False
Is 100013458 a prime number?
False
Is 359852699 a prime number?
True
Is 3411596791 a composite number?
True
Is 1047431279 composite?
False
Is 54555622129 prime?
True
Is 12242129819 prime?
False
Is 256530461513 a composite number?
True
Is 11818049629 a composite number?
False
Is 906127361 prime?
True
Is 45583964411 prime?
True
Is 61826493851 a composite number?
False
Is 1811150543 a prime number?
False
Is 1839272569 composite?
False
Is 5311579517 a prime number?
True
Is 866825803 composite?
False
Is 83471491 a prime number?
False
Is 57585540217 prime?
True
Is 284141676671 composite?
False
Is 1401894793 a composite number?
True
Is 705623069 a composite number?
True
Is 21040206331 a prime number?
False
Is 4713359711 a composite number?
False
Is 991234433 a composite number?
True
Is 29947154287 prime?
False
Is 1637027947 prime?
True
Is 14947470557 composite?
True
Is 58496485409 a prime number?
False
Is 24439318723 a composite number?
False
Is 3899748221 a prime number?
False
Is 1412963303 a prime number?
False
Is 8108748113 composite?
True
Is 7818815783 prime?
True
Is 91551129 composite?
True
Is 2226215963 prime?
False
Is 6164240323 a prime number?
False
Is 8210964731 prime?
True
Is 54542771 composite?
False
Is 6483973586 prime?
False
Is 176656405 prime?
False
Is 8957615665 a prime number?
False
Is 1441092659 a composite number?
False
Is 1253171069 a prime number?
True
Is 2464465389 a composite number?
True
Is 13937160737 composite?
False
Is 99301